er when o is divided by 17?
13
Let u be (-3)/12 + (-21)/(-4). Suppose 3*k = -x + 12, -u*x - k = 2*k - 72. Calculate the remainder when 56 is divided by x.
11
Let x(u) = -2*u**2 - 23*u - 15. Suppose 0*c + 2*c = 380. Calculate the remainder when c is divided by x(-7).
46
Let k be (-1)/(-2)*(0 + 0). Suppose k = -3*s + s + 12. Suppose -64*t + 116*t = 884. Calculate the remainder when t is divided by s.
5
Suppose 9*o - 4*o - 637 = 4*k, -260 = -2*o - k. What is the remainder when o is divided by 7?
3
Suppose 3*w - 18 = 3*l, -5*l - 4*w = -4*l + 1. Let m = 8 + l. Suppose -m*h + 47 = -2*h. Calculate the remainder when h is divided by 25.
22
Let n(r) = r**2 + 3*r - 1. Suppose -t - 2*i - 9 = 0, -2*t + 6*t + 21 = -5*i. Let x be 6/t*5/15. Calculate the remainder when 16 is divided by n(x).
7
Let z = 13 - 10. Suppose -3*v = 2*v - 3*i - 133, -z*i = 2*v - 70. Calculate the remainder when v is divided by 4.
1
Let p(h) = h**3 + 21*h**2 + 35*h - 8. What is the remainder when p(-19) is divided by 22?
5
Let g = 31 + 650. What is the remainder when g is divided by 22?
21
Let h = -2 + 4. Suppose -2*m + 20 = -h. Suppose i - 65 + 45 = 0. What is the remainder when i is divided by m?
9
Let z(c) = 80*c**2 + 6*c + 6. Suppose -b + 69 = 4*n, b - 4*b + 54 = 3*n. What is the remainder when z(-1) is divided by n?
12
Suppose 4*o - 14 = 6*o. What is the remainder when 95 is divided by o/1*72/(-21)?
23
What is the remainder when (-84)/(-147) - 850/14*-2 is divided by 62?
60
Suppose 3*j - 160 = 2*w, -5*j + j = w + 69. Calculate the remainder when w/(-14)*(-24)/(-3) is divided by 16.
12
Suppose -z = 4*r - 270 + 44, -4*z + 934 = r. Suppose -5*i + 834 = z. Calculate the remainder when i is divided by 31.
27
Suppose 2*q = -z - 4*z + 85, 4*q - 4*z = 128. Let u = -61 - -200. What is the remainder when u is divided by q?
34
Suppose -5*v = 5*j - 935, -3*v - 5*j + 349 = -206. Calculate the remainder when v is divided by 26.
8
Let s(c) = c**3 + 9*c**2 + c + 9. Let l be s(-9). Suppose -4 = p, 3*p - p = 2*n - 22. What is the remainder when l/(-3) + -1 - -21 is divided by n?
6
Suppose -5*j - w = -233, w - 139 = 21*j - 24*j. What is the remainder when j is divided by 28?
19
What is the remainder when 76 is divided by 465/27 + 14/(-63) + 0?
8
Let n be (-1)/(324/(-160) - -2). Suppose -42 = 38*t - n*t. Suppose 2*p - t = 3*s + 36, -2*s = -p + 29. What is the remainder when p is divided by 14?
13
Let l = 53 - 51. Suppose 4*y = -l*u + 142, -4 - 5 = -3*y. Calculate the remainder when u is divided by 23.
19
Let g = 13 - 9. Suppose -g*t + 24 = -8. What is the remainder when (-15)/((-21)/7) + 25 is divided by t?
6
Let k(c) = 1 - 2*c**3 - 3*c**2 - 4*c + 0*c**3 + 8*c**3. Let n be k(-2). Calculate the remainder when (n/(-6))/(3/6) is divided by 9.
8
Let b(h) = h**3 + 5*h**2 + 8*h + 7. Calculate the remainder when 86 is divided by b(-2).
2
Let k = -372 + 387. Calculate the remainder when 149 is divided by k.
14
Suppose b + 5*s = 4*b - 76, 30 = b - 4*s. What is the remainder when 290 is divided by b?
4
Let k(d) = -d + 1. Let p be k(-4). Suppose -4*h = p*y + 145, 0 = -3*y + y + 4*h - 86. Let n = y + 55. What is the remainder when 65 is divided by n?
21
Let k be 51/9 - 4/6. Suppose 3*c - 22 = k*a - 90, -a = 2*c - 11. Let i = 298 - 295. Calculate the remainder when a is divided by i.
1
Suppose 5*r - 147 = 43. Suppose 4*o + 30 = 5*f, -9*o = 4*f - 8*o - 24. Calculate the remainder when r is divided by f.
2
Suppose -f + 90 = 2*g, -5*f + 17*g + 486 = 18*g. Calculate the remainder when 487 is divided by f.
95
Let r = 48 + -43. Suppose 112 + 18 = r*f. Calculate the remainder when 50 is divided by f.
24
Let a = 136 + -65. Let v = 84 - a. Suppose -4*n = -0*g - g - 251, -3*n + g + 187 = 0. Calculate the remainder when n is divided by v.
12
Let o = -27 - -33. Let a(l) = 2 + 4*l - 12 - o*l. Calculate the remainder when a(-14) is divided by 7.
4
Suppose -5*h = -2*h, -2*q = h - 98. What is the remainder when 336 is divided by q?
42
Suppose -s = 43 - 117. What is the remainder when s is divided by 19?
17
Let q be (2 + (-6 - -3))*(-2 - -2). Suppose -2*b - y = -24, -2*b - 3*y + y + 24 = q. Calculate the remainder when 19 is divided by b.
7
Suppose -2*r + 0*r + 16 = 0. Suppose 4*f + r - 104 = 0. Suppose 0 = 3*j - s - 57 - 88, 4*s = 4*j - 204. What is the remainder when j is divided by f?
23
Suppose 5*j = 3*j + 4*x + 46, 4*j + 3*x - 114 = 0. What is the remainder when j is divided by (-1232)/(-80) - (-6)/10?
11
Calculate the remainder when (15 - (12 - -5)) + 2*105 is divided by 20.
8
Suppose -9*u + 149 = 59. Calculate the remainder when 480/16*(22/u - 1) is divided by 25.
11
Let x(q) = -6*q + 22. Let n(h) = 5*h - 22. Let a(b) = -5*n(b) - 4*x(b). Calculate the remainder when 14 is divided by a(15).
0
Let v(z) = -3*z - 1. Let i(s) = 1. Let t(l) = 4*i(l) - v(l). Let g = 158 + -109. Calculate the remainder when g is divided by t(4).
15
Let o(u) = -2*u - 11. Let m be o(-7). Suppose 4*v = 4, m*i + 142 = 4*i - 4*v. Suppose w = 3*w - i. Calculate the remainder when w is divided by 25.
23
Let i = 146 + -126. Suppose -4*a = a + 15, -188 = -5*j + a. What is the remainder when j is divided by i?
17
Calculate the remainder when -5 + -4 + 131 + -4 is divided by 116.
2
Suppose -2*t - 6 = t, -t - 57 = -5*m. Let f = 54 + -15. Suppose 7 - f = -x. Calculate the remainder when x is divided by m.
10
Suppose k = -0*k + 1. Let x = k - 0. Calculate the remainder when (0 - (-2 - -3))*-1 is divided by x.
0
Suppose 5*g + 9 = -6. Let w = g - -12. Calculate the remainder when 10 is divided by (-6)/(-4)*24/w.
2
Let s be 495/(-6)*(-48)/20. Suppose -4*a - 2*p = -s, 5*p + 191 + 79 = 5*a. Let r(z) = -7*z - 5. Calculate the remainder when a is divided by r(-2).
6
Let d = 19 + -27. Let v be d/36 - 92/(-9). Suppose -x - 3*i + 29 = 0, 0 = -2*x + i + v + 13. Calculate the remainder when 25 is divided by x.
11
Suppose -3*s = -4*s + 2*f - 25, s + 2*f = -13. Suppose 30*j + 128 = 26*j. Let c = s - j. What is the remainder when 36 is divided by c?
10
Let r(k) = k**3 - 20. Let y be r(0). Let o = y - -28. Suppose -24 = -n - 2. Calculate the remainder when n is divided by o.
6
Let r(q) = -2*q**2 - 3*q + 2. Let h be r(1). Let d be -327*(-2)/(-6)*h. Suppose -d = 4*f - 7*f. Calculate the remainder when f is divided by 37.
35
Let q(p) = 16*p - 108. Calculate the remainder when 716 is divided by q(9).
32
Let f be (-3)/9*-1*0. Let v(w) = 8 - 6 + w + f + w. Calculate the remainder when 16 is divided by v(2).
4
Let p = -54 + 26. Let c = 20 + p. What is the remainder when (-329)/(-5) + c/10 is divided by 34?
31
Suppose 0 = -7*j + 54 + 30. What is the remainder when 17 is divided by j?
5
Let l(s) = s + 23. Let i = 4 + -4. What is the remainder when l(i) is divided by 7?
2
Let p be 98/21 - 1/(-3). Suppose -50 = p*h - 5*w + 445, -3*h - 296 = -4*w. Let c = h - -163. What is the remainder when c is divided by 22?
19
Let o(b) = -b**2 - 3*b + 1. Suppose 36 = 5*z - 14. Calculate the remainder when z is divided by o(-2).
1
Calculate the remainder when 109 is divided by ((-48)/(-84))/(3/84).
13
Let q(n) = n**3 - 4*n**2 - 8*n + 7. Let h = 2 + 0. Suppose -12 = -2*o - 2*g, -2*o + 6*g + 24 = h*g. Calculate the remainder when q(6) is divided by o.
7
Suppose 3*b - 145 = -2*b. Calculate the remainder when 40 is divided by ((1 + -23)/2)/(28 - b).
7
Suppose -5 = 3*u + 4*x + 27, 2*x = -4. Let v be (u/10)/(24/(-180)). Suppose v*c + 93 = 9*c. Calculate the remainder when c is divided by 17.
14
Suppose 0 = -2*u - 5 + 23. Let k be (4/(-3))/(12/(-18)). Suppose k - u = -p. Calculate the remainder when 26 is divided by p.
5
Suppose -3*y = 5*w - 230, -w + 6*y - 5*y + 46 = 0. What is the remainder when w is divided by 6?
4
Let f(t) = 9*t**2 - 3. Suppose 3*w = d + 15, -d = -2*w - 37 + 47. Calculate the remainder when f(-3) is divided by w.
3
Suppose -2*g - 2*w + 70 = 0, -6*g + 5*g + 3*w = -23. What is the remainder when 670 is divided by g?
30
Let q(z) be the second derivative of -z**4/12 - 5*z**3/6 - 5*z**2 + 5*z. Let d be q(-7). Let n = d + 50. Calculate the remainder when 76 is divided by n.
24
Let m(t) = t**2 - 10*t + 19. Let q(f) = 5*f + 5. Let b be q(1). Calculate the remainder when 187 is divided by m(b).
16
Let a = -23 - -526. Calculate the remainder when a is divided by 8.
7
Suppose 2*t - 5*b - 4 = 